{"id":952,"date":"2025-03-01T22:26:29","date_gmt":"2025-03-01T21:26:29","guid":{"rendered":"https:\/\/przychodniawitomino.xaa.pl\/?post_type=poradnia&#038;p=952"},"modified":"2025-04-02T01:50:20","modified_gmt":"2025-04-01T23:50:20","slug":"psycholog","status":"publish","type":"poradnia","link":"https:\/\/przychodniawitomino.pl\/en\/poradnia\/psycholog\/","title":{"rendered":"Psycholog"},"content":{"rendered":"<div data-elementor-type=\"wp-post\" data-elementor-id=\"952\" class=\"elementor elementor-952\" data-elementor-post-type=\"poradnia\">\n\t\t\t\t<div class=\"elementor-element elementor-element-d30926b e-con-full e-flex e-con e-parent\" data-id=\"d30926b\" data-element_type=\"container\" data-e-type=\"container\">\n\t\t\t\t<div class=\"elementor-element elementor-element-bd47f69 g2 elementor-widget elementor-widget-heading\" data-id=\"bd47f69\" data-element_type=\"widget\" data-e-type=\"widget\" data-widget_type=\"heading.default\">\n\t\t\t\t<div class=\"elementor-widget-container\">\n\t\t\t\t\t<h3 class=\"elementor-heading-title elementor-size-default\">Psycholog w Przychodni Witomino:<\/h3>\t\t\t\t<\/div>\n\t\t\t\t<\/div>\n\t\t\t\t<div class=\"elementor-element elementor-element-8d87693 ul1 elementor-widget elementor-widget-text-editor\" data-id=\"8d87693\" data-element_type=\"widget\" data-e-type=\"widget\" data-widget_type=\"text-editor.default\">\n\t\t\t\t<div class=\"elementor-widget-container\">\n\t\t\t\t\t\t\t\t\t<h5 class=\"font_7 wixui-rich-text__text\"><span class=\"wixui-rich-text__text\">Aleksandra Junel<\/span><\/h5><p class=\"font_8 wixui-rich-text__text\"><span class=\"wixui-rich-text__text\">Absolwentka jednolitych studi\u00f3w magisterskich na kierunku psychologia na Uniwersytecie Gda\u0144skim, w ramach kt\u00f3rych uko\u0144czy\u0142a \u015bcie\u017ck\u0119 specjalizacyjn\u0105 psychologii klinicznej. Aktualnie w trakcie 4-letniego szkolenia z psychoterapii poznawczo-behawioralnej (CBT) w Instytucie Poznawczym w Krakowie, filia w Gda\u0144sku. Pracuje z osobami doros\u0142ymi. Pomaga osobom z do\u015bwiadczeniem kryzysu psychicznego, w depresji, osobom w \u017ca\u0142obie, w diagnozie chor\u00f3b nowotworowych i przewlek\u0142ych (takimi jak <a class=\"wixui-rich-text__text\" href=\"http:\/\/m.in\" target=\"_blank\" rel=\"noreferrer noopener\">m.in<\/a>. tocze\u0144 uk\u0142adowy, stwardnienie rozsiane, stany po przebytym udarze m\u00f3zgu) oraz osobom \u017cyj\u0105cym w poczuciu ci\u0105g\u0142ego napi\u0119cia i stresu, zmagaj\u0105cymi si\u0119 z zaburzeniami l\u0119kowymi. Ponadto prowadzi r\u00f3wnie\u017c konsultacje dla rodzic\u00f3w, kt\u00f3rzy na swojej drodze wychowywania dzieci zmagaj\u0105 si\u0119 z r\u00f3\u017cnymi wyzwaniami.<\/span><\/p><p class=\"font_8 wixui-rich-text__text\">\u00a0<\/p><p class=\"font_8 wixui-rich-text__text\"><span class=\"wixui-rich-text__text\">Nieustannie rozwija sw\u00f3j warsztat pracy poprzez udzia\u0142 w szkoleniach i konferencjach, swoj\u0105 prac\u0119 poddaje regularnej superwizji. Zapewnia ca\u0142kowit\u0105 dyskrecj\u0119 na ka\u017cdym etapie wsp\u00f3\u0142pracy. Z ka\u017cd\u0105 osob\u0105 nawi\u0105zuje indywidualn\u0105 relacj\u0119 terapeutyczn\u0105 dostosowuj\u0105c metody pracy do potrzeb i oczekiwanych efekt\u00f3w.\u00a0<\/span><\/p><p class=\"font_8 wixui-rich-text__text\">\u00a0<\/p><p class=\"font_8 wixui-rich-text__text\"><span class=\"wixui-rich-text__text\">Do\u015bwiadczenie zawodowe:\u00a0<\/span><\/p><p class=\"font_8 wixui-rich-text__text\"><span class=\"wixui-rich-text__text\">Wojew\u00f3dzki Szpital do Nerwowo i Psychicznie Chorych w \u015awieciu (sta\u017c)<\/span><\/p><p class=\"font_8 wixui-rich-text__text\"><span class=\"wixui-rich-text__text\">Szpital Specjalistyczny w Ko\u015bcierzynie; Oddzia\u0142 Rehabilitacji Neurologicznej\u00a0<\/span><\/p><p class=\"font_8 wixui-rich-text__text\"><span class=\"wixui-rich-text__text\">Wy\u017csza Szko\u0142a Bezpiecze\u0144stwa, psycholog- dydaktyk\u00a0<\/span><\/p><p class=\"font_8 wixui-rich-text__text\"><span class=\"wixui-rich-text__text\">Samodzielny Publiczny Specjalistyczny Zak\u0142ad Opieki Zdrowotnej w L\u0119borku, Centrum Zdrowia Psychicznego<\/span><\/p>\t\t\t\t\t\t\t\t<\/div>\n\t\t\t\t<\/div>\n\t\t\t\t<\/div>\n\t\t\t\t<\/div>","protected":false},"featured_media":1790,"template":"","wyswietlanie":[11],"class_list":["post-952","poradnia","type-poradnia","status-publish","has-post-thumbnail","hentry","wyswietlanie-strona-glowna"],"_links":{"self":[{"href":"https:\/\/przychodniawitomino.pl\/en\/wp-json\/wp\/v2\/poradnia\/952","targetHints":{"allow":["GET"]}}],"collection":[{"href":"https:\/\/przychodniawitomino.pl\/en\/wp-json\/wp\/v2\/poradnia"}],"about":[{"href":"https:\/\/przychodniawitomino.pl\/en\/wp-json\/wp\/v2\/types\/poradnia"}],"version-history":[{"count":10,"href":"https:\/\/przychodniawitomino.pl\/en\/wp-json\/wp\/v2\/poradnia\/952\/revisions"}],"predecessor-version":[{"id":3237,"href":"https:\/\/przychodniawitomino.pl\/en\/wp-json\/wp\/v2\/poradnia\/952\/revisions\/3237"}],"wp:featuredmedia":[{"embeddable":true,"href":"https:\/\/przychodniawitomino.pl\/en\/wp-json\/wp\/v2\/media\/1790"}],"wp:attachment":[{"href":"https:\/\/przychodniawitomino.pl\/en\/wp-json\/wp\/v2\/media?parent=952"}],"wp:term":[{"taxonomy":"wyswietlanie","embeddable":true,"href":"https:\/\/przychodniawitomino.pl\/en\/wp-json\/wp\/v2\/wyswietlanie?post=952"}],"curies":[{"name":"wp","href":"https:\/\/api.w.org\/{rel}","templated":true}]}}

<div data-elementor-type="wp-post" data-elementor-id="952" class="elementor elementor-952" data-elementor-post-type="poradnia">
				<div class="elementor-element elementor-element-d30926b e-con-full e-flex e-con e-parent" data-id="d30926b" data-element_type="container" data-e-type="container">
				<div class="elementor-element elementor-element-bd47f69 g2 elementor-widget elementor-widget-heading" data-id="bd47f69" data-element_type="widget" data-e-type="widget" data-widget_type="heading.default">
				<div class="elementor-widget-container">
					<h3 class="elementor-heading-title elementor-size-default">Psycholog w Przychodni Witomino:</h3>				</div>
				</div>
				<div class="elementor-element elementor-element-8d87693 ul1 elementor-widget elementor-widget-text-editor" data-id="8d87693" data-element_type="widget" data-e-type="widget" data-widget_type="text-editor.default">
				<div class="elementor-widget-container">
									<h5 class="font_7 wixui-rich-text__text"><span class="wixui-rich-text__text">Aleksandra Junel</span></h5><p class="font_8 wixui-rich-text__text"><span class="wixui-rich-text__text">Absolwentka jednolitych studiów magisterskich na kierunku psychologia na Uniwersytecie Gdańskim, w ramach których ukończyła ścieżkę specjalizacyjną psychologii klinicznej. Aktualnie w trakcie 4-letniego szkolenia z psychoterapii poznawczo-behawioralnej (CBT) w Instytucie Poznawczym w Krakowie, filia w Gdańsku. Pracuje z osobami dorosłymi. Pomaga osobom z doświadczeniem kryzysu psychicznego, w depresji, osobom w żałobie, w diagnozie chorób nowotworowych i przewlekłych (takimi jak <a class="wixui-rich-text__text" href="http://m.in" target="_blank" rel="noreferrer noopener">m.in</a>. toczeń układowy, stwardnienie rozsiane, stany po przebytym udarze mózgu) oraz osobom żyjącym w poczuciu ciągłego napięcia i stresu, zmagającymi się z zaburzeniami lękowymi. Ponadto prowadzi również konsultacje dla rodziców, którzy na swojej drodze wychowywania dzieci zmagają się z różnymi wyzwaniami.</span></p><p class="font_8 wixui-rich-text__text"> </p><p class="font_8 wixui-rich-text__text"><span class="wixui-rich-text__text">Nieustannie rozwija swój warsztat pracy poprzez udział w szkoleniach i konferencjach, swoją pracę poddaje regularnej superwizji. Zapewnia całkowitą dyskrecję na każdym etapie współpracy. Z każdą osobą nawiązuje indywidualną relację terapeutyczną dostosowując metody pracy do potrzeb i oczekiwanych efektów. </span></p><p class="font_8 wixui-rich-text__text"> </p><p class="font_8 wixui-rich-text__text"><span class="wixui-rich-text__text">Doświadczenie zawodowe: </span></p><p class="font_8 wixui-rich-text__text"><span class="wixui-rich-text__text">Wojewódzki Szpital do Nerwowo i Psychicznie Chorych w Świeciu (staż)</span></p><p class="font_8 wixui-rich-text__text"><span class="wixui-rich-text__text">Szpital Specjalistyczny w Kościerzynie; Oddział Rehabilitacji Neurologicznej </span></p><p class="font_8 wixui-rich-text__text"><span class="wixui-rich-text__text">Wyższa Szkoła Bezpieczeństwa, psycholog- dydaktyk </span></p><p class="font_8 wixui-rich-text__text"><span class="wixui-rich-text__text">Samodzielny Publiczny Specjalistyczny Zakład Opieki Zdrowotnej w Lęborku, Centrum Zdrowia Psychicznego</span></p>								</div>
				</div>
				</div>
				</div>
