{"id":6666,"date":"2026-09-04T11:53:55","date_gmt":"2026-09-04T09:53:55","guid":{"rendered":"https:\/\/przychodniawitomino.pl\/?page_id=6666"},"modified":"2026-09-04T12:01:00","modified_gmt":"2026-09-04T10:01:00","slug":"standardy-ochrony-maloletnich-2","status":"publish","type":"page","link":"https:\/\/przychodniawitomino.pl\/en\/standardy-ochrony-maloletnich-2\/","title":{"rendered":"Standardy Ochrony Ma\u0142oletnich"},"content":{"rendered":"<div data-elementor-type=\"wp-page\" data-elementor-id=\"6666\" class=\"elementor elementor-6666\" data-elementor-post-type=\"page\">\n\t\t\t\t<div class=\"elementor-element elementor-element-dac2b0c e-flex e-con-boxed e-con e-parent\" data-id=\"dac2b0c\" data-element_type=\"container\" data-e-type=\"container\">\n\t\t\t\t\t<div class=\"e-con-inner\">\n\t\t\t\t<div class=\"elementor-element elementor-element-5e82256 elementor-widget elementor-widget-text-editor\" data-id=\"5e82256\" data-element_type=\"widget\" data-e-type=\"widget\" data-widget_type=\"text-editor.default\">\n\t\t\t\t<div class=\"elementor-widget-container\">\n\t\t\t\t\t\t\t\t\t<p>\u00a0<\/p><h6>W Przychodni Witomino bezpiecze\u0144stwo dzieci i m\u0142odzie\u017cy jest dla nas szczeg\u00f3lnie wa\u017cne.<\/h6><h6>Wprowadzili\u015bmy <strong>Standardy Ochrony Ma\u0142oletnich<\/strong>, kt\u00f3rych celem jest zapewnienie ka\u017cdemu dziecku korzystaj\u0105cemu z naszej opieki medycznej bezpiecze\u0144stwa, szacunku, prywatno\u015bci i w\u0142a\u015bciwego wsparcia.<\/h6><h6>Standardy obowi\u0105zuj\u0105 wszystkich pracownik\u00f3w oraz osoby wsp\u00f3\u0142pracuj\u0105ce z Przychodni\u0105 Witomino, kt\u00f3re w zwi\u0105zku ze swoj\u0105 prac\u0105 mog\u0105 mie\u0107 kontakt z osobami poni\u017cej 18. roku \u017cycia.<\/h6><h4><strong>Najwa\u017cniejsze zasady:<\/strong><\/h4><h6>Podczas wizyty w naszej Przychodni ka\u017cde dziecko ma prawo do:<\/h6><ul><li><h6>traktowania z szacunkiem i \u017cyczliwo\u015bci\u0105,<\/h6><\/li><li><h6>informacji przekazywanych w spos\u00f3b odpowiedni do jego wieku,<\/h6><\/li><li><h6>zadawania pyta\u0144 i wyra\u017cania swoich obaw,<\/h6><\/li><li><h6>poszanowania prywatno\u015bci i intymno\u015bci,<\/h6><\/li><li><h6>obecno\u015bci rodzica lub opiekuna podczas wizyty, zgodnie z obowi\u0105zuj\u0105cymi przepisami,<\/h6><\/li><li><h6>ochrony przed przemoc\u0105 fizyczn\u0105, psychiczn\u0105 i seksualn\u0105,<\/h6><\/li><li><h6>uzyskania pomocy, je\u015bli czuje si\u0119 zagro\u017cone lub krzywdzone.<\/h6><\/li><\/ul><h4><strong>Czego nie akceptujemy?<\/strong><\/h4><h6>Wobec dzieci i m\u0142odzie\u017cy niedopuszczalne s\u0105 w szczeg\u00f3lno\u015bci:<\/h6><ul><li><h6>przemoc fizyczna lub psychiczna,<\/h6><\/li><li><h6>poni\u017canie, wy\u015bmiewanie, zastraszanie lub obra\u017canie,<\/h6><\/li><li><h6>niestosowne komentarze lub zachowania,<\/h6><\/li><li><h6>dotykanie dziecka w spos\u00f3b niezwi\u0105zany z udzielaniem \u015bwiadcze\u0144 medycznych,<\/h6><\/li><li><h6>naruszanie jego prywatno\u015bci lub intymno\u015bci,<\/h6><\/li><li><h6>wykonywanie lub rozpowszechnianie zdj\u0119\u0107 i nagra\u0144 bez wymaganej zgody,<\/h6><\/li><li><h6>ignorowanie informacji o krzywdzeniu lub poczuciu.<\/h6><\/li><\/ul><h6>Je\u017celi dziecko lub jego opiekun zauwa\u017cy zachowanie budz\u0105ce niepok\u00f3j albo podejrzewa, \u017ce ma\u0142oletni jest krzywdzony, mo\u017ce poinformowa\u0107 o tym lekarza, piel\u0119gniark\u0119, po\u0142o\u017cn\u0105, pracownika rejestracji lub osob\u0119 odpowiedzialn\u0105 za Standardy Ochrony Ma\u0142oletnich.<\/h6><h6>Ka\u017cde takie zg\u0142oszenie traktujemy powa\u017cnie i podejmujemy dzia\u0142ania odpowiednie do sytuacji oraz obowi\u0105zuj\u0105cych przepis\u00f3w.<\/h6><h4><strong>Wa\u017cne numery<\/strong><\/h4><h5><strong>112<\/strong> \u2013 numer alarmowy w sytuacji bezpo\u015bredniego zagro\u017cenia \u017cycia lub zdrowia<\/h5><h5><strong>116 111<\/strong> \u2013 Telefon Zaufania dla Dzieci i M\u0142odzie\u017cy<\/h5><h5><strong>800 12 12 12<\/strong> \u2013 Dzieci\u0119cy Telefon Zaufania Rzecznika Praw Dziecka<\/h5><p><img fetchpriority=\"high\" decoding=\"async\" class=\"aligncenter wp-image-6668 size-full\" src=\"https:\/\/przychodniawitomino.pl\/wp-content\/uploads\/2026\/09\/standardy-ochrony-maloletnich.png\" alt=\"\" width=\"1024\" height=\"1535\" srcset=\"https:\/\/przychodniawitomino.pl\/wp-content\/uploads\/2026\/09\/standardy-ochrony-maloletnich.png 1024w, https:\/\/przychodniawitomino.pl\/wp-content\/uploads\/2026\/09\/standardy-ochrony-maloletnich-200x300.png 200w, https:\/\/przychodniawitomino.pl\/wp-content\/uploads\/2026\/09\/standardy-ochrony-maloletnich-683x1024.png 683w, https:\/\/przychodniawitomino.pl\/wp-content\/uploads\/2026\/09\/standardy-ochrony-maloletnich-768x1151.png 768w, https:\/\/przychodniawitomino.pl\/wp-content\/uploads\/2026\/09\/standardy-ochrony-maloletnich-8x12.png 8w\" sizes=\"(max-width: 1024px) 100vw, 1024px\" \/><\/p><hr \/><p>Podstawa prawna<\/p><p>Standardy zosta\u0142y opracowane zgodnie z ustaw\u0105 z dnia 13 maja 2016 r. o przeciwdzia\u0142aniu zagro\u017ceniom przest\u0119pczo\u015bci\u0105 na tle seksualnym i ochronie ma\u0142oletnich, w szczeg\u00f3lno\u015bci art. 22b i 22c.<\/p>\t\t\t\t\t\t\t\t<\/div>\n\t\t\t\t<\/div>\n\t\t\t\t\t<\/div>\n\t\t\t\t<\/div>\n\t\t\t\t<\/div>","protected":false},"excerpt":{"rendered":"<p>\u00a0 W Przychodni Witomino bezpiecze\u0144stwo dzieci i m\u0142odzie\u017cy jest dla nas szczeg\u00f3lnie wa\u017cne. Wprowadzili\u015bmy Standardy Ochrony Ma\u0142oletnich, kt\u00f3rych celem jest zapewnienie ka\u017cdemu dziecku korzystaj\u0105cemu z naszej opieki medycznej bezpiecze\u0144stwa, szacunku, prywatno\u015bci i w\u0142a\u015bciwego wsparcia. Standardy obowi\u0105zuj\u0105 wszystkich pracownik\u00f3w oraz osoby wsp\u00f3\u0142pracuj\u0105ce z Przychodni\u0105 Witomino, kt\u00f3re w zwi\u0105zku ze swoj\u0105 prac\u0105 mog\u0105 mie\u0107 kontakt z osobami [&hellip;]<\/p>\n","protected":false},"author":3,"featured_media":0,"parent":0,"menu_order":0,"comment_status":"closed","ping_status":"closed","template":"","meta":{"footnotes":""},"typ":[22],"class_list":["post-6666","page","type-page","status-publish","hentry","typ-dla-pacjenta"],"_links":{"self":[{"href":"https:\/\/przychodniawitomino.pl\/en\/wp-json\/wp\/v2\/pages\/6666","targetHints":{"allow":["GET"]}}],"collection":[{"href":"https:\/\/przychodniawitomino.pl\/en\/wp-json\/wp\/v2\/pages"}],"about":[{"href":"https:\/\/przychodniawitomino.pl\/en\/wp-json\/wp\/v2\/types\/page"}],"author":[{"embeddable":true,"href":"https:\/\/przychodniawitomino.pl\/en\/wp-json\/wp\/v2\/users\/3"}],"replies":[{"embeddable":true,"href":"https:\/\/przychodniawitomino.pl\/en\/wp-json\/wp\/v2\/comments?post=6666"}],"version-history":[{"count":7,"href":"https:\/\/przychodniawitomino.pl\/en\/wp-json\/wp\/v2\/pages\/6666\/revisions"}],"predecessor-version":[{"id":6674,"href":"https:\/\/przychodniawitomino.pl\/en\/wp-json\/wp\/v2\/pages\/6666\/revisions\/6674"}],"wp:attachment":[{"href":"https:\/\/przychodniawitomino.pl\/en\/wp-json\/wp\/v2\/media?parent=6666"}],"wp:term":[{"taxonomy":"typ","embeddable":true,"href":"https:\/\/przychodniawitomino.pl\/en\/wp-json\/wp\/v2\/typ?post=6666"}],"curies":[{"name":"wp","href":"https:\/\/api.w.org\/{rel}","templated":true}]}}

Standardy Ochrony Małoletnich

<div data-elementor-type="wp-page" data-elementor-id="6666" class="elementor elementor-6666" data-elementor-post-type="page">
				<div class="elementor-element elementor-element-dac2b0c e-flex e-con-boxed e-con e-parent" data-id="dac2b0c" data-element_type="container" data-e-type="container">
					<div class="e-con-inner">
				<div class="elementor-element elementor-element-5e82256 elementor-widget elementor-widget-text-editor" data-id="5e82256" data-element_type="widget" data-e-type="widget" data-widget_type="text-editor.default">
				<div class="elementor-widget-container">
									<p> </p><h6>W Przychodni Witomino bezpieczeństwo dzieci i młodzieży jest dla nas szczególnie ważne.</h6><h6>Wprowadziliśmy <strong>Standardy Ochrony Małoletnich</strong>, których celem jest zapewnienie każdemu dziecku korzystającemu z naszej opieki medycznej bezpieczeństwa, szacunku, prywatności i właściwego wsparcia.</h6><h6>Standardy obowiązują wszystkich pracowników oraz osoby współpracujące z Przychodnią Witomino, które w związku ze swoją pracą mogą mieć kontakt z osobami poniżej 18. roku życia.</h6><h4><strong>Najważniejsze zasady:</strong></h4><h6>Podczas wizyty w naszej Przychodni każde dziecko ma prawo do:</h6><ul><li><h6>traktowania z szacunkiem i życzliwością,</h6></li><li><h6>informacji przekazywanych w sposób odpowiedni do jego wieku,</h6></li><li><h6>zadawania pytań i wyrażania swoich obaw,</h6></li><li><h6>poszanowania prywatności i intymności,</h6></li><li><h6>obecności rodzica lub opiekuna podczas wizyty, zgodnie z obowiązującymi przepisami,</h6></li><li><h6>ochrony przed przemocą fizyczną, psychiczną i seksualną,</h6></li><li><h6>uzyskania pomocy, jeśli czuje się zagrożone lub krzywdzone.</h6></li></ul><h4><strong>Czego nie akceptujemy?</strong></h4><h6>Wobec dzieci i młodzieży niedopuszczalne są w szczególności:</h6><ul><li><h6>przemoc fizyczna lub psychiczna,</h6></li><li><h6>poniżanie, wyśmiewanie, zastraszanie lub obrażanie,</h6></li><li><h6>niestosowne komentarze lub zachowania,</h6></li><li><h6>dotykanie dziecka w sposób niezwiązany z udzielaniem świadczeń medycznych,</h6></li><li><h6>naruszanie jego prywatności lub intymności,</h6></li><li><h6>wykonywanie lub rozpowszechnianie zdjęć i nagrań bez wymaganej zgody,</h6></li><li><h6>ignorowanie informacji o krzywdzeniu lub poczuciu.</h6></li></ul><h6>Jeżeli dziecko lub jego opiekun zauważy zachowanie budzące niepokój albo podejrzewa, że małoletni jest krzywdzony, może poinformować o tym lekarza, pielęgniarkę, położną, pracownika rejestracji lub osobę odpowiedzialną za Standardy Ochrony Małoletnich.</h6><h6>Każde takie zgłoszenie traktujemy poważnie i podejmujemy działania odpowiednie do sytuacji oraz obowiązujących przepisów.</h6><h4><strong>Ważne numery</strong></h4><h5><strong>112</strong> – numer alarmowy w sytuacji bezpośredniego zagrożenia życia lub zdrowia</h5><h5><strong>116 111</strong> – Telefon Zaufania dla Dzieci i Młodzieży</h5><h5><strong>800 12 12 12</strong> – Dziecięcy Telefon Zaufania Rzecznika Praw Dziecka</h5><p><img fetchpriority="high" decoding="async" class="aligncenter wp-image-6668 size-full" src="https://przychodniawitomino.pl/wp-content/uploads/2026/09/standardy-ochrony-maloletnich.png" alt="" width="1024" height="1535" srcset="https://przychodniawitomino.pl/wp-content/uploads/2026/09/standardy-ochrony-maloletnich.png 1024w, https://przychodniawitomino.pl/wp-content/uploads/2026/09/standardy-ochrony-maloletnich-200x300.png 200w, https://przychodniawitomino.pl/wp-content/uploads/2026/09/standardy-ochrony-maloletnich-683x1024.png 683w, https://przychodniawitomino.pl/wp-content/uploads/2026/09/standardy-ochrony-maloletnich-768x1151.png 768w, https://przychodniawitomino.pl/wp-content/uploads/2026/09/standardy-ochrony-maloletnich-8x12.png 8w" sizes="(max-width: 1024px) 100vw, 1024px" /></p><hr /><p>Podstawa prawna</p><p>Standardy zostały opracowane zgodnie z ustawą z dnia 13 maja 2016 r. o przeciwdziałaniu zagrożeniom przestępczością na tle seksualnym i ochronie małoletnich, w szczególności art. 22b i 22c.</p>								</div>
				</div>
					</div>
				</div>
				</div>

<p>  W Przychodni Witomino bezpieczeństwo dzieci i młodzieży jest dla nas szczególnie ważne. Wprowadziliśmy Standardy Ochrony Małoletnich, których celem jest zapewnienie każdemu dziecku korzystającemu z naszej opieki medycznej bezpieczeństwa, szacunku, prywatności i właściwego wsparcia. Standardy obowiązują wszystkich pracowników oraz osoby współpracujące z Przychodnią Witomino, które w związku ze swoją pracą mogą mieć kontakt z osobami [&hellip;]</p>
